28*j**2 - 207*j - 233. Is s(-68) a prime number?
False
Let m(v) = 304*v**3 + 12*v**2 + 4*v - 13. Is m(4) a composite number?
True
Suppose -4*i + 20532 = 4*l - 28720, -5*i = 2*l - 61571. Suppose -23*x + i = -7718. Is x prime?
False
Let a = -257 + 264. Suppose -a*q + 1192 = 4*i - 9*q, -i + 2*q = -298. Is i a composite number?
True
Let i = -92 + 156. Let f be (10/8 - 10/40)*-31. Let n = i + f. Is n a composite number?
True
Let c(z) = z - 7. Let a(x) = 1901*x - 3. Let f(h) = -a(h) - 4*c(h). Is f(-12) a composite number?
True
Let r(n) = 114*n**3 + 10*n**2 - 29*n - 25. Is r(12) composite?
True
Suppose -27 = -p + 2*t + 16, 160 = 4*p + 4*t. Let f = 44 - p. Suppose -f*o = 208 - 2335. Is o prime?
True
Suppose 145*u = 155*u - 20. Suppose 4*o + u*g - 42063 = g, -3*o - 4*g + 31531 = 0. Is o composite?
True
Let c be 406/1 - (0/2)/(-1). Let k = c + -396. Is k a composite number?
True
Let z(j) = 23*j**2 + 25*j + 583. Is z(79) a prime number?
False
Suppose f + j = 17, f - 17 = 4*j - 5. Let v(x) = -17 + 6 - 12*x**3 + f*x**3 + 4*x. Is v(5) a prime number?
True
Suppose 0 = -5*m + 3035 - 8255. Let t = m + 1523. Is t composite?
False
Let l = 2239 + -3947. Let r = l + 3365. Is r prime?
True
Let c be (-243)/(-6)*8/12. Suppose 0 = -4*i - c*i + 208847. Is i a composite number?
False
Let a = 6152 + -749. Suppose 0*i + i = -5*n + a, 4*i = -8. Is n a prime number?
False
Let g(t) = -20*t + 1 + 150*t**2 - 55*t**2 + 15*t. Let h(q) = 3*q**2 + q + 1. Let y be h(-1). Is g(y) composite?
True
Let m = 25 - 25. Suppose 3*f + 3*d = 6165, m*d = 3*f + 5*d - 6155. Suppose 2*r + 0*r + 5*t = 1030, 4*r = -4*t + f. Is r a prime number?
False
Let b be ((-3)/(-2))/(22/(1408/48)). Let n = -220 - -1008. Suppose 4*a - n - 1905 = -g, 0 = -b*a + 4*g + 1342. Is a prime?
True
Let d be (-108)/81 + 8/6. Suppose 3*v = 2*b - 0*v - 3606, -5*b - v + 9015 = d. Suppose 0 = 3*f - 2*i - 2051, 0 = 3*f + 5*i - 220 - b. Is f a composite number?
True
Suppose 441*z - 103*z - 18003908 = 0. Is z a composite number?
True
Suppose -i + 1 = 2*q, i + 3*q = -0*i - 1. Suppose 5*k - 45 = -i*x, 0 = -3*x + 4*x + 2*k - 14. Suppose 7046 = x*p + 274. Is p composite?
False
Suppose -7*j + 5*j = -1136. Let y = 5187 - j. Is y a composite number?
True
Is (-32692374)/(-126) + -12 + 6/(-21) composite?
False
Suppose 5*j = -3*j + 888. Suppose j*o - 113*o = -1642. Is o prime?
True
Suppose -3*l = -12*l. Suppose -19129 = -4*j + 3*r, l*j + 2*j + 4*r = 9570. Is j prime?
True
Suppose -4*d + 3*x + 235 = -453, -4*d + 688 = 4*x. Let m = 429 - d. Is m a composite number?
False
Let i(y) = 305*y**2 + 65*y - 3239. Is i(41) composite?
True
Let d = -20 - -29. Suppose -284891 - 399285 = -122*z. Suppose -d*r = -r - z. Is r prime?
True
Suppose 4*c - 61354 = -2*b, -138*b + 133*b = -4*c - 153385. Is b a composite number?
False
Let c(o) = -6*o**2 - 3*o - 5. Let z be c(-10). Let y = 744 - z. Is y prime?
True
Suppose 220*t - 227*t = -5242741. Is t a composite number?
False
Let o(u) be the second derivative of u**5/20 - u**3/3 + 4105*u**2/2 + 48*u + 1. Is o(0) a prime number?
False
Suppose 4*z + 3*l - 36 = 0, 5*l = -7*z + 8*z + 14. Suppose -z*m + 56*m = 1013950. Is m composite?
True
Let t(q) = 2*q - 50. Let d be t(25). Suppose -3*o + 9100 = -4*c - d*c, -2*o = -5*c - 6076. Let x = o - 1371. Is x composite?
False
Suppose 9*d - 48 = 15. Let y = -7 + d. Suppose y = 2*b + 1111 - 9329. Is b a prime number?
False
Let l(h) = 115*h**2 + h - 11. Suppose 5*g - j + 33 = 0, 6*g - 7*g + 3*j = 1. Is l(g) composite?
True
Is 48/11 + -4 + (-146335)/(-55) a prime number?
False
Suppose -17*f + 2674 = 855. Suppose 0 = 102*n - f*n + 31235. Is n a prime number?
True
Let l(n) = n**2 + 15*n + 36. Let c be (-9)/((5/(-4) - -4) + -2). Let t be l(c). Suppose k = 3, -4*k = 4*b - t*k - 388. Is b a composite number?
True
Let c = 878789 - 549606. Is c prime?
False
Let u(p) = 229*p**3 - 12*p**2 + 8*p + 28. Is u(11) prime?
True
Let q be (-66)/(-44)*8/3. Suppose -54005 = -5*l - 4*k, -q*l + 4*k + 59496 = 16292. Is l a composite number?
True
Suppose -2*x = -16*d + 12*d + 48, -46 = -5*d - x. Let w(t) = 136*t**2 - 38*t + 43. Is w(d) composite?
True
Suppose 1 - 25 = -3*c. Suppose -c = -3*g - o, 3*g + 3*o - 6 = -0. Suppose 0 = -9*q - g*q + 4524. Is q a prime number?
False
Let r = -153633 + 350552. Is r a prime number?
True
Let w(d) be the second derivative of d**5/20 - 5*d**4/6 + 2*d**3/3 - 19*d**2/2 + 51*d + 2. Is w(14) composite?
False
Suppose 0 = -v + 2*z + 143941, 3*v + 2*z - 373986 - 57877 = 0. Is v prime?
False
Suppose -93*i = -90*i + y - 166403, 3*y + 110950 = 2*i. Is i prime?
True
Let z = 192 + -188. Let u(g) = 152*g**3 - 2*g**2 - 8*g + 9. Is u(z) a prime number?
False
Suppose -11*s + 93120 = -3*s. Suppose 4*a - s = 2*a. Suppose -a = -4*r - 8*r. Is r composite?
True
Suppose 502407 = 5*n + 4*g, -4*n - g + 176081 + 225849 = 0. Is n prime?
True
Let h(m) = 41*m**3 - 9*m**2 - 11*m - 10. Let b(i) = 225*i + 39*i**2 - 122*i**3 + 30 - 13*i**2 - 193*i. Let j(u) = 6*b(u) + 17*h(u). Is j(-5) a composite number?
True
Let p = 65572 - 33644. Suppose p = -215*w + 223*w. Is w prime?
False
Let c = -7149 - -4995. Suppose 17253 = 4*m + 5*y, -4*y + 13 + 7 = 0. Let x = c + m. Is x prime?
True
Let f = -197 - -215. Is 62/(-279) + 7438/f a prime number?
False
Let o = 1386787 - -909048. Is o a prime number?
False
Let n(p) be the third derivative of 0*p + 6*p**2 - 11/24*p**4 + 1/6*p**5 + 25/6*p**3 + 0. Is n(6) a prime number?
False
Let s = -101657 + 180000. Is s a prime number?
False
Suppose 17432 = 8*c - 10*c. Is c/(-6)*(-6)/(-4) prime?
True
Suppose 17*l + 25 = 25. Suppose 21*g - 6*g - 18825 = l. Is g prime?
False
Let g be 6 - 1/(-3 + (-16)/(-6)). Suppose 0*s - 4*s = 0. Suppose s = -g*w - w + 1630. Is w a composite number?
False
Let d = 12983 - -20660. Is d composite?
True
Let k(q) = -q - 2. Let i be k(-6). Suppose i*j - 10 = 3*j. Suppose 9*h = j*h - 299. Is h a prime number?
False
Let f(g) = -g**2 + 8*g + 29. Let r be f(10). Let l be -1 - -2 - r/(-1). Suppose 0 = -14*a + l*a + 584. Is a composite?
True
Let w = -1038 - -2675. Is w prime?
True
Let a(r) = 2679*r - 8. Let j be a(0). Let q(h) = 17*h**2 + 2 + 10*h - 4 + 5. Is q(j) a prime number?
False
Let v(r) = 29*r**2 - 31*r - 18. Let k be v(-14). Let d = k + 2835. Is d a composite number?
True
Suppose -5*m - 5*t = 6 - 41, 3*m + 2*t = 19. Suppose -5*r = -m*d - 4545, d + 4*r + 4500 = -4*d. Let n = 1973 + d. Is n prime?
True
Suppose 0 = -4*f + 2*a + 38, 3 = 3*f + 5*a - 6. Suppose 3255 = f*q + 863. Is q prime?
False
Let k(b) = 3*b**2 - 70*b + 80. Let l be (-374)/(-10) - 4/10. Is k(l) composite?
False
Let y = -40 + 21. Let p = 21 + y. Suppose 3*c - 4869 = p*l, -2*c + 3*l + 4129 = 878. Is c prime?
True
Is 3*(-3056)/48*(0 + -157) composite?
True
Let p = 358 + -351. Suppose -5*r = 3*x - 63485, -p*r + x - 12697 = -8*r. Is r a composite number?
False
Let c(p) = p**3 + p**2 + 2*p - 5. Let b be c(2). Suppose b*o + 55047 = 153200. Is o a composite number?
False
Let j = 13522 - -95163. Is j prime?
False
Let y(k) = 666*k - 13. Let t(r) = -666*r + 13. Let l be (-20)/(6 + -1) - -1. Let v(j) = l*y(j) - 2*t(j). Is v(-5) a prime number?
True
Suppose -67*x + 3600471 = -5151806. Is x a composite number?
False
Suppose -24*m + 27*m = 6. Is (-237268)/(-100)*5 - m/5 composite?
False
Suppose -5*n - 2*h - 135030 = 3*h, -n + 5*h - 26982 = 0. Let y = -11907 - n. Is y composite?
True
Suppose 39*f + 1209139 = 6889099. Suppose -4*s + 0*s + f = -4*d, -4*s + d = -145655. Is s prime?
False
Let u(c) = 121923*c + 3806. Is u(5) a composite number?
False
Suppose 5*a + 2*f - 15 = 0, 0 = -5*f - 18 - 7. Suppose -a*s + 12*t - 9*t = -4580, -3*s = -5*t - 2764. Is s prime?
False
Let j be 15/(-4*(-5)/(-60)). Is (458 - 1)*11/((-99)/j) a prime number?
False
Suppose -27*r + 13465262 = -33580699. Is r prime?
True
Let d be (-1 - (-12)/8)*-1708. Let s = -222 - d. Suppose 0 = a - 3*u - 644, 5*a + 5*u - s - 2568 = 0. Is a a composite number?
False
Let f(g) = -10*g**2 - 15*g - 11 + 8*g**3 - 3*g - 9*g**3. Let w be f(-8). Suppose -w*t = -97 - 1018. Is t a prime number?
True
Let l(b) be the first derivative of -13*b**4 - b**3/3 + b**2 + b - 146. Is l(-6) a prime number?
False
Let f = 2984 + -2959. Suppose -2*b + 4*b + 6 = 0. Is 3573 + (b/4 - f/20) prime?
True
Suppose -2*o + 5*l = -7139, l - 6 = -l. Suppose 2*z + 4760 = d + 